 thousands digit of 25899919?
9
What is the hundred thousands digit of 49068133?
0
What is the hundred thousands digit of 1166674103?
6
What is the hundred millions digit of 2216796509?
2
What is the ten thousands digit of 944121916?
2
What is the ten millions digit of 18055998?
1
What is the millions digit of 19093716?
9
What is the millions digit of 89317808?
9
What is the tens digit of 59101864?
6
What is the billions digit of 5896653938?
5
What is the units digit of 172515858?
8
What is the hundreds digit of 43812037?
0
What is the ten millions digit of 462978799?
6
What is the tens digit of 4849080009?
0
What is the millions digit of 46970828?
6
What is the hundred millions digit of 4026131329?
0
What is the thousands digit of 11245930?
5
What is the ten millions digit of 507321184?
0
What is the thousands digit of 8511663?
1
What is the millions digit of 180563098?
0
What is the thousands digit of 58778407?
8
What is the thousands digit of 568001279?
1
What is the ten thousands digit of 1405880415?
8
What is the tens digit of 1510609956?
5
What is the millions digit of 574259319?
4
What is the millions digit of 10576165?
0
What is the thousands digit of 1040630873?
0
What is the thousands digit of 89699392?
9
What is the millions digit of 308713112?
8
What is the hundred thousands digit of 39277692?
2
What is the hundred thousands digit of 2175322512?
3
What is the hundred millions digit of 288753016?
2
What is the hundred thousands digit of 10126633?
1
What is the tens digit of 76938425?
2
What is the thousands digit of 6711?
6
What is the ten millions digit of 248506433?
4
What is the billions digit of 4602848496?
4
What is the ten millions digit of 854667474?
5
What is the billions digit of 2928591187?
2
What is the ten thousands digit of 780181008?
8
What is the thousands digit of 1530002718?
2
What is the hundred thousands digit of 29010829?
0
What is the units digit of 253264374?
4
What is the units digit of 340507679?
9
What is the ten thousands digit of 1004553063?
5
What is the hundred millions digit of 3359291821?
3
What is the millions digit of 43313926?
3
What is the units digit of 666299416?
6
What is the millions digit of 22007023?
2
What is the thousands digit of 1529556302?
6
What is the tens digit of 39292463?
6
What is the hundred thousands digit of 215520805?
5
What is the hundreds digit of 674083046?
0
What is the hundred thousands digit of 191850505?
8
What is the units digit of 331218585?
5
What is the hundred thousands digit of 409972823?
9
What is the billions digit of 7090189005?
7
What is the ten millions digit of 49632887?
4
What is the tens digit of 804534476?
7
What is the millions digit of 62460585?
2
What is the hundreds digit of 56216043?
0
What is the millions digit of 673943369?
3
What is the thousands digit of 26338538?
8
What is the ten thousands digit of 579370159?
7
What is the ten thousands digit of 121258406?
5
What is the tens digit of 620266230?
3
What is the hundreds digit of 1006933987?
9
What is the hundred thousands digit of 1184459844?
4
What is the tens digit of 877688448?
4
What is the hundred millions digit of 170585750?
1
What is the millions digit of 623900794?
3
What is the thousands digit of 27833453?
3
What is the billions digit of 3119471975?
3
What is the hundred thousands digit of 195040070?
0
What is the hundred millions digit of 112285629?
1
What is the hundreds digit of 236675555?
5
What is the units digit of 42761607?
7
What is the ten thousands digit of 104717387?
1
What is the ten millions digit of 61044372?
6
What is the tens digit of 57065853?
5
What is the tens digit of 3453259817?
1
What is the thousands digit of 308121183?
1
What is the units digit of 1107285253?
3
What is the ten millions digit of 271898251?
7
What is the hundred thousands digit of 69667002?
6
What is the thousands digit of 451491779?
1
What is the units digit of 52763349?
9
What is the ten millions digit of 18700916?
1
What is the millions digit of 1288423697?
8
What is the hundreds digit of 414202501?
5
What is the ten thousands digit of 48318892?
1
What is the millions digit of 1065566978?
5
What is the tens digit of 247476348?
4
What is the hundred thousands digit of 1315138129?
1
What is the thousands digit of 863669584?
9
What is the hundreds digit of 1149680810?
8
What is the thousands digit of 68203370?
3
What is the hundreds digit of 488589139?
1
What is the ten millions digit of 1277818719?
7
What is the tens digit of 2808671047?
4
What is the units digit of 474175439?
9
What is the units digit of 16924226?
6
What is the tens digit of 126784647?
4
What is the ten millions digit of 28099762?
2
What is the hundreds digit of 1440597659?
6
What is the thousands digit of 421080134?
0
What is the tens digit of 47457393?
9
What is the tens digit of 548090907?
0
What is the units digit of 52637779?
9
What is the ten thousands digit of 1578927041?
2
What is the units digit of 1322141991?
1
What is the tens digit of 888514845?
4
What is the billions digit of 6202974289?
6
What is the thousands digit of 2109259194?
9
What is the hundred thousands digit of 2283280656?
2
What is the hundred millions digit of 236780503?
2
What is the ten thousands digit of 259243912?
4
What is the hundred thousands digit of 291608243?
6
What is the units digit of 18056026?
6
What is the hundred thousands digit of 1608952635?
9
What is the hundred thousands digit of 2859448878?
4
What is the ten millions digit of 830018074?
3
What is the hundred millions digit of 302143968?
3
What is the hundred thousands digit of 434772757?
7
What is the tens digit of 1053337532?
3
What is the millions digit of 12645431?
2
What is the hundreds digit of 3443629478?
4
What is the hundred millions digit of 2974546194?
9
What is the hundred millions digit of 230981335?
2
What is the hundreds digit of 1121672008?
0
What is the ten millions digit of 6258166321?
5
What is the units digit of 120546040?
0
What is the units digit of 2146148178?
8
What is the hundreds digit of 240907144?
1
What is the ten thousands digit of 26263878?
6
What is the units digit of 45049865?
5
What is the ten thousands digit of 32681839?
8
What is the hundreds digit of 422136539?
5
What is the hundred thousands digit of 2486145653?
1
What is the thousands digit of 2821346198?
6
What is the units digit of 87490062?
2
What is the tens digit of 7876646681?
8
What is the ten thousands digit of 53936085?
3
What is the hundred millions digit of 6387459990?
3
What is the hundreds digit of 46903920?
9
What is the tens digit of 23992975?
7
What is the tens digit of 413688993?
9
What is the hundred thousands digit of 194767619?
7
What is the millions digit of 170532621?
0
What is the tens digit of 780902160?
6
What is the hundreds digit of 61762149?
1
What is the ten thousands digit of 2035013370?
1
What is the ten thousands digit of 317349726?
4
What is the units digit of 530639213?
3
What is the hundreds digit of 1209664937?
9
What is the ten millions digit of 19178755?
1
What is the hundreds digit of 244141624?
6
What is the units digit of 279450568?
8
What is the hundred thousands digit of 149021610?
0
What is the millions digit of 24977932?
4
What is the tens digit of 2094166347?
4
What is the tens digit of 305242109?
0
What is the ten millions digit of 184896392?
8
What is the millions digit of 1982517224?
2
What is the hundred thousands digit of 197060844?
0
What is the hundred thousands digit of 44800551?
8
What is the hundred millions digit of 241021355?
2
What is the ten thousands digit of 7116203?
1
What is the ten millions digit of 1074556340?
7
What is the thousands digit of 1270720452?
0
What is the units digit of 454582528?
8
What is the ten thousands digit of 383811263?
1
What is the millions digit of 6125423273?
5
What is the units digit of 918530049?
9
What is the ten millions digit of 915107881?
1
What is the hundred thousands digit of 152777235?
7
What is the units digit of 1701282061?
1
What is the units digit of 32336531?
1
What is the hundred thousands digit of 57669362?
6
What is the millions digit of 125617627?
5
What is the tens digit of 1280519451?
5
What is the hundred thousands digit of 42650313?
6
What is the thousands digit of 24750773?
0
What 